0.
7
Let z(y) = -y**3 - 3*y**2 - 2*y - 1. Let s(n) = -2*n + 6. Let v be s(4). Let d(u) = 2*u**2 + 1. Calculate the remainder when d(v) is divided by z(-3).
4
Let k be -1*((-3 - -3) + -1). Let x be (k - (-5 - -2)) + -2. Suppose x*s - 4 - 76 = 0. Calculate the remainder when s is divided by 21.
19
Let z be (3 + 15)/3 + -1. Let y be 5 - 3 - z - -6. Suppose 3*n - 3*m = 36, -1 = 2*n + y*m - 0. What is the remainder when n is divided by 3?
1
Suppose -22 = -v - s + 37, -301 = -5*v - 2*s. What is the remainder when v is divided by 21?
19
Suppose z + 5*b = -0*b + 23, -5*b + 35 = 5*z. Suppose z = -2*k + 4*o + 21, 3*k - o = 52. What is the remainder when k is divided by 5?
4
Let u(x) = 4*x**2 - 3*x - 10. Suppose 0 = -6*c + 2*c + 20. Calculate the remainder when u(c) is divided by 39.
36
Let j(i) = 6*i**2 + 10*i**2 - 2*i**2 + 0 - 1. Calculate the remainder when 37 is divided by j(1).
11
Let m(y) = y**2 - 5*y - 5. Let q be m(6). Suppose -f + 5*g = -15, 1 = 2*f + 2*g + 7. Calculate the remainder when 14 is divided by 8/((f - -1)/q).
6
Suppose v - 231 = -2*v. Suppose 107 = -2*s + 7*s - 4*f, 4*f = -3*s + v. Let d = -15 + s. Calculate the remainder when 22 is divided by d.
6
Suppose 2*w = 3*f - 4*f, -4*w + 5*f + 28 = 0. Suppose w*j - 9 = -g, 0 = 3*g + 11 - 2. Let q = 8 - -9. Calculate the remainder when q is divided by j.
5
Suppose -f = -3*f + 334. What is the remainder when f is divided by 42?
41
Let j be 5/(-10) + (-7)/(-2). Suppose 2*a - 4*s = -2*s + 108, -5*s = j*a - 186. What is the remainder when a is divided by 12?
9
Suppose -4*w + 34 = 4*o - 2*w, 0 = -4*o + 5*w + 41. Suppose -2*t + 5*g + 10 = -32, g + 128 = 5*t. What is the remainder when t is divided by o?
8
Let k(s) = 7 + 3 - 12*s**2 + s**3 - 5*s + 16*s. Calculate the remainder when k(11) is divided by 3.
1
Let c(q) = 35*q**3 - 2*q**2 - 2. Let s be c(2). Suppose -5*g = -5*t - s, 2*g + 3*t = -g + 180. Calculate the remainder when g is divided by 15.
12
Suppose -3*k - 8*z + 4*z = -150, 0 = 5*k - 5*z - 215. Calculate the remainder when k is divided by 16.
14
Let o(w) = w**2 + 3*w - 8. Let c be o(4). Suppose 3*y - 3*l + 3 = 0, 0 = -4*y - 4*l - 0*l + c. What is the remainder when 5 is divided by y?
1
Suppose -5*x + 10 = -0*x. Suppose 0*c - x*c = a - 17, -3*c = 4*a - 78. What is the remainder when a is divided by 12?
9
Let b = 56 - 48. Suppose 5*c - 71 = 39. Calculate the remainder when c is divided by b.
6
Let l(s) = 114*s**2 - 5*s - 3. Calculate the remainder when l(-1) is divided by 9.
8
Suppose 0*z + 45 = 5*z. Calculate the remainder when (0 - 30/z)*-9 is divided by (-2)/(-6) - 47/(-3).
14
Let h(u) = -u**3 - 7*u**2 + 9. Calculate the remainder when h(-7) is divided by 5.
4
Let a = -24 - -43. Let p(w) = -2*w - 2. What is the remainder when a is divided by p(-6)?
9
Suppose -115 = -5*q - 5*p, 2*q + p = 3*q - 15. Suppose -3 + 5 = w. Suppose y = -5*v - w - 3, 43 = 4*y - v. Calculate the remainder when q is divided by y.
9
Suppose 0 = -3*i - 2*h + 42 + 90, -2*i + 2*h = -78. Suppose -28 = -2*x + 2*j, 2*x - 33 + 1 = -2*j. What is the remainder when i is divided by x?
12
Suppose 4*v - 9 = 4*o + 55, -v = 2*o - 19. Suppose -6*l + 327 = -63. What is the remainder when l is divided by v?
14
Suppose -5 = -2*n + 5. Let o = n + 5. Calculate the remainder when o is divided by 4.
2
Suppose -4*l + 5*n = -192, 2*l + 3*n = 3*l - 41. Suppose -5*j + l = p, 2*j - 2*p = 3*j - 7. Calculate the remainder when j is divided by 7.
4
Let i = -29 + 42. Suppose -4*s + 55 + 73 = -4*c, 5*c + 10 = 0. Let t = s - -7. Calculate the remainder when t is divided by i.
11
Let a(m) = m**2 + 1. Let u be a(-1). Suppose -u*p + 40 = -28. Let h = 47 - p. What is the remainder when h is divided by 7?
6
Calculate the remainder when -26*(3 - 4)*2 is divided by 9.
7
Let i be (2/3)/((-1)/33). Calculate the remainder when 91 is divided by 2/(-11) - 510/i.
22
Suppose w + 0*w = 6. Suppose -19 + 53 = 2*a. Calculate the remainder when a is divided by w.
5
Let v(y) = -y**3 + 4*y**2 + y + 3. Let a be v(3). What is the remainder when 6/a - 1565/(-25) is divided by 22?
19
Let i(f) = 10*f**2 - 7*f + f**3 - 3*f**2 - 7 - 3. Let b = 15 + -5. Calculate the remainder when i(-7) is divided by b.
9
Let r = 67 - 109. Let y be ((-8)/(-6))/(4/r). Let p = -6 - y. What is the remainder when p is divided by 3?
2
Suppose -f + 5*f - 48 = 0. What is the remainder when f is divided by 5?
2
Let b(o) = o**3 + 8*o**2 - 12*o - 4. What is the remainder when b(-8) is divided by 19?
16
Suppose -5*h = -5*a + 130, -5*h + 47 + 53 = 5*a. Let y be -1 - (-12 - (1 + -2)). Let b = y - -2. What is the remainder when a is divided by b?
11
Let s = 23 - -140. Suppose -s = x - 57. Calculate the remainder when (x/(-6))/(3/9) is divided by 18.
17
Suppose 3*w + 6 = 0, -6*z + 3*z = 2*w + 10. What is the remainder when 0 + 2/z*-20 is divided by 7?
6
Suppose -4*m - 75 = -9*m. Suppose -2*a + 0*i + 124 = 2*i, 0 = 3*a - 4*i - 165. What is the remainder when a is divided by m?
14
Let u(v) = -v**3 + 12*v**2 - 20*v + 12. What is the remainder when u(9) is divided by 40?
35
Let h(g) = -g + 9. Let w be h(6). Suppose y = 0, 2*r + w*y + 12 = 40. What is the remainder when r is divided by 8?
6
Suppose -83 = 4*l + 145. Calculate the remainder when 54 is divided by (-4)/12*(0 + l).
16
Suppose 3*f + 2*f + 78 = 4*r, r - 24 = -f. What is the remainder when 64 is divided by r?
20
Let h(z) = 2*z - 8. Let m = -55 + 33. Let o = -12 - m. Calculate the remainder when o is divided by h(6).
2
Suppose -2*a = 14 + 2. Let n = -3 - a. Calculate the remainder when 18 is divided by n.
3
Let s = -14 - -17. Calculate the remainder when 5 is divided by s.
2
Suppose -3*d = 4*y + 3 - 17, -4*d = -2*y - 4. Calculate the remainder when 2 is divided by y.
0
Let h = 41 + -25. Suppose -1 = -2*g + 17. Calculate the remainder when h is divided by g.
7
Suppose 3*p - 38 = -5*j + 17, 5*j - 25 = -p. Let o = 22 - 14. Calculate the remainder when p is divided by o.
7
Let r(l) = -l**2 + 21*l - 12. Calculate the remainder when 29 is divided by r(20).
5
Let t(n) = n**3 + n**2 - 3. Let m be t(0). Let b = m - -9. Suppose 15 + 0 = 5*g. What is the remainder when b is divided by g?
0
Let n(d) = -2*d - 5. Let v(c) = 3*c + 10. Let q(k) = 5*n(k) + 3*v(k). What is the remainder when 6 is divided by q(3)?
0
Let a = 156 + -105. What is the remainder when a is divided by 11?
7
Suppose 0 = 4*h - 5 - 3. Let s = h - 2. Suppose 3*w - 18 - 9 = s. Calculate the remainder when 26 is divided by w.
8
Let n = 103 + -84. Calculate the remainder when 36 is divided by n.
17
Let j(z) = -5*z**2 + z**2 + 0*z**3 + 3*z + z**3 - 5. Suppose -2*u + 31 = -3*p, 3*u + 3*p + p = 21. What is the remainder when u is divided by j(4)?
4
Let w = -88 - -135. Calculate the remainder when w is divided by 13.
8
Let t(g) = -22*g + 8. What is the remainder when t(-4) is divided by 26?
18
Suppose 0*y - 30 = -5*y. Let w(f) = 2*f**3 + 2*f**2 + 2*f + 1. Let r be w(-1). Calculate the remainder when -3*((-11)/(-3))/r is divided by y.
5
Suppose -7*u = -3*u. Let j = 15 + u. Calculate the remainder when 29 is divided by j.
14
Let c be -42 + 1 + 3 + -3. Let v = c - -60. Calculate the remainder when 36 is divided by v.
17
Let h = 0 - -9. Let o = h + 19. What is the remainder when o is divided by 10?
8
Suppose -i + 2 + 10 = 0. Let f = -45 + 86. Let j = -19 + f. Calculate the remainder when j is divided by i.
10
Let v(s) = -s + 1. Let u be 2/(-2) - (2 + 2). Suppose -3*o + 64 = o. What is the remainder when o is divided by v(u)?
4
Suppose o + 50 + 22 = 2*h, 5*o - 134 = -3*h. Calculate the remainder when h is divided by 23.
15
Let j(k) = -k**3 + 6*k**2 + 4*k + 4. Let q be j(4). What is the remainder when (q/(-6))/(8/(-12)) is divided by 5?
3
Let q(s) = -s + 34. Calculate the remainder when 157 is divided by q(-19).
51
Suppose -51 = 3*c - 5*r - 1, 4*r - 55 = 3*c. What is the remainder when 11 is divided by (-10)/c*15*1?
5
Calculate the remainder when (55/(-2))/(-4*(-5)/(-40)) is divided by 20.
15
Suppose j + 86 = 233. Calculate the remainder when j is divided by 37.
36
Suppose 4*j = t + 15, -3*t + 5 = -2*t. Suppose 0 = j*r - 0 - 20. Calculate the remainder when 14 is divided by r.
2
Suppose 2*z = -2*z, -4*z = -3*o - 3. Calculate the remainder when 11 is divided by 2/o + -2 + 8.
3
Suppose 0 = 3*i - u + 140, 0 = -i 